o = -2*u + 2 - 27. List the prime factors of t(o).
2, 13
Let p(i) = -i**2 - 13*i - 9. Let s be p(-12). Let k be (s - (-4 - -7)) + 60. Suppose 3*f = -4*w + 142, -2*f - k = -4*w + 92. What are the prime factors of w?
37
Let b(t) = -2*t**3 + 30*t**2 + 68. Let p(o) = 3*o**3 - 30*o**2 + o - 69. Let m(r) = -4*b(r) - 3*p(r). List the prime factors of m(-30).
5
Let m = 659 - -68. What are the prime factors of m?
727
Let w(v) = 7*v**3 - 6*v**2 - v + 1. List the prime factors of w(3).
7, 19
Let n(q) = q**3 + 12*q**2 + q + 8. Let x be n(-12). Let a(f) = -f + 6. Let s be a(x). Let i = -8 + s. What are the prime factors of i?
2
Let h(a) = -a**3 - 10*a**2 + 6*a - 7. Suppose d + 2*v = 3*v - 10, 2*v - 44 = 4*d. What are the prime factors of h(d)?
11, 19
Suppose -9 + 1 = -q - 3*a, -4*q - a + 87 = 0. Let c = q + -15. Let r = 32 - c. What are the prime factors of r?
2, 3
Suppose -276*g + 265*g + 3608 = 0. List the prime factors of g.
2, 41
Let x(r) = r**3 + r**2 - r - 2. Let j be x(-2). Let q be 2/j*1*2. Let a(c) = -14*c**3 + c**2 - 1. What are the prime factors of a(q)?
2, 7
Suppose 2*b = -3*b + 10. Suppose n = -4*g - 4*n + 57, -4*n + 4 = -b*g. Suppose g*k = 3*k + 90. List the prime factors of k.
2, 3
Let x(s) = s**2 - 20 - 4 + 3 + s. List the prime factors of x(10).
89
Suppose 2*d - 1073 - 249 = 2*g, 4*d - 3*g = 2642. List the prime factors of d.
659
Let t(u) = 1561*u**2 + 29*u + 42. What are the prime factors of t(-2)?
2, 3, 173
Suppose 5*i = 4*i + 10. Suppose 6*w - 4*w = i. Suppose -5*o + 12 = 4*l, -o - 8 = -w*o - 4*l. List the prime factors of o.
2
Let u(d) = -320*d - 106. List the prime factors of u(-9).
2, 19, 73
Let d = -3 + 5. Suppose 0 = -2*s + 3*i + 69, d*s + 0*s = 5*i + 67. Suppose -4*k + k + 5*c + 116 = 0, -c - s = -k. List the prime factors of k.
2
Let q = -77 - -252. What are the prime factors of q?
5, 7
Suppose -4*h = 4*v - 436, 0 = -v - 2*h + 65 + 45. Let g(u) = -18*u**2 - 11*u - 20. Let b be g(-2). Let p = v + b. What are the prime factors of p?
2, 19
Let v = 69 + -77. List the prime factors of (-2260)/v - 2/4.
2, 3, 47
Let f(b) = 22*b**3 - 4*b**2 + 2*b. Let a = -148 + 150. What are the prime factors of f(a)?
2, 41
Let h(s) = -s**3 + 57*s**2 - 69*s - 142. What are the prime factors of h(55)?
2113
Let k(l) = 223*l**2 - 13*l - 12. List the prime factors of k(-1).
2, 7
Let l be (-2)/(-2)*(5 - 0). Suppose 0 = v + m - l*m + 8, 4*m - 24 = -3*v. Suppose 3*i = v*t - 85, -i + 2*i = 5. List the prime factors of t.
5
Let x be (-4 - -5)*10*1. Suppose -x = -3*j + j. Suppose j*b + 0*b = 10. What are the prime factors of b?
2
Let o be (-2)/((-8)/28) + 1. Let q(v) = -2*v + 74. What are the prime factors of q(o)?
2, 29
Let z = 1456 + -444. List the prime factors of z.
2, 11, 23
Let z = 17 + -18. What are the prime factors of 796/24 - z/(-6)?
3, 11
Let z = -10 - 12. Let v = -15 - z. List the prime factors of v.
7
Suppose -6*s + 31 = -23. What are the prime factors of 2/9 - (-232)/s?
2, 13
Suppose 2*u = -76 - 108. Let v = u - -158. What are the prime factors of v?
2, 3, 11
Let j(g) = -g**3 - 4*g**2 - 9*g - 3. Suppose -5*v + 2 = -4*d + 28, v - 3*d = -3. Let c be j(v). Suppose 5*h = 8*h - c. List the prime factors of h.
41
Suppose 0 = 5*m + 3*i - 49, 3*m - 4 - 11 = 3*i. Let z = 6 + m. List the prime factors of z*3*(16 + -15).
2, 3, 7
Let x = -4 + 1. Let h(t) = 2*t**2 + 3*t - 2. Let k be h(x). Suppose k = g - 5*s, 3*s - 36 = -2*g + 17. What are the prime factors of g?
2, 11
Let r = 321 + 1138. List the prime factors of r.
1459
Let d be -3 - (2 + 7)*-11. Let c = -62 + d. List the prime factors of c.
2, 17
Let j(q) = 241*q - 166. List the prime factors of j(10).
2, 3, 11, 17
Let f(a) = -a. Let s be f(-6). Let v(p) = 2*p - 1. Let r be v(s). Let m(d) = -d**3 + 12*d**2 - 8*d + 11. List the prime factors of m(r).
2, 11
Suppose 1 = -8*b + 1081. List the prime factors of ((-8)/(-3))/(10/b).
2, 3
Let q = 11 + -9. Let y be (-6)/8 - (-27)/(-12). List the prime factors of 2*y*q/(-6).
2
Suppose 3*j = -3*w + 252, 3*w + 0*j - 264 = 3*j. Let k be (w/(-5))/((-12)/60). Let h = k + -25. What are the prime factors of h?
61
Suppose 3*n + 919 = x, 4*x = 8*x - 3*n - 3694. List the prime factors of x.
5, 37
Let x(t) be the second derivative of 11*t**4/12 - 5*t**3/6 - 2*t**2 - 14*t. List the prime factors of x(-3).
2, 5, 11
Suppose 0*s = 14*s - 11424. List the prime factors of s.
2, 3, 17
Let v be (-6536)/56 - 4/14. Let o = v - -168. List the prime factors of o.
3, 17
Let z = 1580 - 218. List the prime factors of z.
2, 3, 227
Let x(n) = n - 12. Let p be x(17). Suppose p*g = z + 1033, -g + 4*g - 617 = 2*z. Suppose -5*o = -2*o - g. What are the prime factors of o?
3, 23
Let g = 68 + 86. What are the prime factors of g?
2, 7, 11
Let o(l) = -2*l**3 + 4*l - 56. List the prime factors of o(-8).
2, 3, 13
Let k = -145 + 249. Suppose -261 = -5*j + k. List the prime factors of j.
73
Suppose 3*n + 21 + 24 = 0. Let f(t) = -t**3 - 8*t**2 + 2*t - 4. Let p be f(-8). What are the prime factors of n/p + 17/4?
5
What are the prime factors of 0 + 10/8 + (-744010)/(-376)?
2, 3, 5, 11
Let f = -678 - -1112. What are the prime factors of f?
2, 7, 31
Suppose 2*i - 3 = 5. Suppose 5*w - 180 = 5*h, -i*h + 3*w = -2*h + 68. Let x = h + 73. List the prime factors of x.
3, 11
Let y = -16 + 15. Let g be (-34*(-12)/(-8))/y. Suppose -4*z = -2*p + g + 11, 5*p + 2*z = 155. What are the prime factors of p?
31
List the prime factors of ((-24)/4 - (-5 - -722))/(-1).
3, 241
Let o = 67 - 72. Let x(c) = -c**3 + 4*c**2 + 5*c - 11. What are the prime factors of x(o)?
3, 7
Let q(z) = 34*z**2 - 16*z + 45. List the prime factors of q(4).
3, 5, 7
Let a(z) be the second derivative of -z**5/60 + z**4/2 - 11*z**3/6 + z**2/2 + 5*z. Let k(j) be the first derivative of a(j). List the prime factors of k(8).
3, 7
Let d = -448 - -761. List the prime factors of d.
313
Let u(k) = 98*k + 9. Let t be u(3). Suppose -5*i + t + 112 = 0. What are the prime factors of i?
83
Suppose 0 = 51*w - 48*w - 11460. What are the prime factors of w?
2, 5, 191
Suppose -4*r - 51*w = -56*w - 130, 25 = r - 5*w. List the prime factors of r.
5, 7
Let u be 3/(-24) - 23527/(-56). Suppose -u - 10 = -5*w. List the prime factors of w.
2, 43
Let p = 74 + 189. List the prime factors of p.
263
Let o(t) = -51*t + 8. Let f be o(-4). Suppose 4*h - f = -5*p + 162, -2*p = -3*h - 168. Let m = -52 + p. List the prime factors of m.
2, 13
Let s = -3 + 5. Let g = -1702 - -1819. Suppose -s*d + 1 = -g. List the prime factors of d.
59
Suppose -g + 4*z = -350, 2*g - 581 = -5*z + 106. What are the prime factors of g?
2, 173
What are the prime factors of (885/(-6))/(36/(-648))?
3, 5, 59
Let n = -19 - -22. Suppose -d = n*d - 3*h - 39, 4*d - h - 45 = 0. What are the prime factors of d?
2, 3
Suppose -t - 78 = -4*g - 0*t, g + t = 22. Suppose 22*y = g*y + 56. List the prime factors of y.
2, 7
Let c(q) = q**2 - 9*q + 8. Let t be c(7). Let s be -2*3*3/t. Suppose y + s = 4*r, 42 = y + 3*y + 2*r. List the prime factors of y.
3
Suppose 0*l - 26 = 2*l. Let h be 2/l + (-2)/(-13). Let m = 20 - h. What are the prime factors of m?
2, 5
Let n = 26 - 24. Let b be 273 + 8*n/(-4). Suppose 5*p - 5*s + 145 = 7*p, 4*p = -3*s + b. What are the prime factors of p?
5, 13
Let r(i) = 1. Suppose 3*f - f = 2. Let k(g) = -14*g - 1. Let a(y) = f*k(y) - 2*r(y). What are the prime factors of a(-2)?
5
Let g(u) = -u**3 + 14*u**2 - 10*u - 3. List the prime factors of g(11).
2, 5
Let m be -4*(4 - 3)*-2. Let y = 5 - m. List the prime factors of (4/(-12))/(y/63).
7
Suppose 7 = 5*f - 3. Suppose -d + f*v = -2, -5*v - 4 + 32 = 3*d. Suppose -2*y - 104 = -d*y. What are the prime factors of y?
2, 13
Suppose s + 0*s = -4*m - 9, 0 = -2*s + 4*m + 18. Let z be (1/3*0)/2. Suppose z = -5*t - w + 35, t = -s*w + 8*w + 33. List the prime factors of t.
2
Suppose a + 9 = 4*q - 0, 20 = 4*a - 2*q. Let h(b) = 7 - 15 - 2*b + a. What are the prime factors of h(-8)?
3, 5
Suppose 5 = -2*o + 3, -o - 73 = -4*y. Suppose 5*k + 78 = 4*d, -5*d + 93 - y = -5*k. Let m = k + 30. What are the prime factors of m?
2, 3
What are the prime factors of (-5010)/(-4)*20/225*9?
2, 3, 167
Let w(y) be the third derivative of y**5/30 + y**4/8 - y**3/3 - 5*y**2. Let o be w(2). List the prime factors of (o/(-10))/(4/(-90)).
3
Suppose 4*q - 3*u - 413 - 778 = 0, 9 = 3*u. List t